10110
In base 15, what is 2011 - 43?
1ebd
In base 5, what is 13302 - 20213?
-1411
In base 9, what is -64 + -706?
-771
In base 10, what is 103469 + 4?
103473
In base 11, what is 82342 - 3?
8233a
In base 2, what is 1011 + 101010010000?
101010011011
In base 12, what is -55 - -42b?
396
In base 16, what is 2 + -c37?
-c35
In base 5, what is -4 - -13144443?
13144434
In base 11, what is 9 - -292?
2a0
In base 16, what is 21112 + 2?
21114
In base 2, what is -10100100 - -1101011?
-111001
In base 13, what is -5 + -1579ac?
-1579b4
In base 11, what is -145 - 38?
-182
In base 2, what is -1000 - -100001101001011?
100001101000011
In base 6, what is -2111 - -132?
-1535
In base 2, what is 11 + 10000001000011101011?
10000001000011101110
In base 16, what is 5 + 1d?
22
In base 5, what is -12134433 + 1?
-12134432
In base 9, what is 4620 - -23?
4643
In base 14, what is -9 + 110?
105
In base 11, what is -25 + 9861?
9837
In base 8, what is 60573 - 3?
60570
In base 15, what is -287b3 + -1?
-287b4
In base 5, what is 403 + -2424?
-2021
In base 4, what is -3333 - 300?
-10233
In base 14, what is -4 + 88dc5?
88dc1
In base 10, what is 10 + 2991?
3001
In base 5, what is -2344 - 12144?
-20043
In base 7, what is 14365 + -31?
14334
In base 11, what is 16 - 712?
-6a7
In base 6, what is 540235 + -401?
535434
In base 4, what is -3 + -11121023?
-11121032
In base 6, what is 15245 + 112?
15401
In base 8, what is 141475 + 3?
141500
In base 6, what is 112 - -234301?
234413
In base 14, what is -521176 + 1?
-521175
In base 3, what is 1020220220 + -211?
1020220002
In base 7, what is -6351 - 1031?
-10412
In base 8, what is 10314 - 10?
10304
In base 5, what is 123 + 21423?
22101
In base 14, what is 87 + 2017?
20a0
In base 8, what is -66101 + -142?
-66243
In base 15, what is 24d36 + -5?
24d31
In base 4, what is 12321302320 + 0?
12321302320
In base 8, what is -436755 - -3?
-436752
In base 7, what is -141 + -100055?
-100226
In base 5, what is 1 - -2010423?
2010424
In base 6, what is -25 - 323441?
-323510
In base 6, what is 522445 - -104?
522553
In base 5, what is 2 - 420012?
-420010
In base 15, what is -191d + 99?
-1874
In base 14, what is -288248 + 1?
-288247
In base 12, what is 12300 - 10?
122b0
In base 8, what is -327 - 30440?
-30767
In base 3, what is -21120112011200 - 12?
-21120112011212
In base 6, what is 4 - -15425513?
15425521
In base 13, what is 3c79 - -2?
3c7b
In base 3, what is -212022002 + -210?
-212022212
In base 13, what is -53a3 - bc?
-5492
In base 8, what is -12563753 - -4?
-12563747
In base 2, what is 111111100 + 100011101?
1100011001
In base 8, what is 1637 + 21?
1660
In base 6, what is 10245 + -52?
10153
In base 14, what is 5 - -1d?
24
In base 5, what is 12413431 + 0?
12413431
In base 4, what is -1132 + -113?
-1311
In base 8, what is -10 - 31001?
-31011
In base 3, what is 222 + -2212?
-1220
In base 8, what is -2322 + 230?
-2072
In base 5, what is 4 + 2104004?
2104013
In base 15, what is 27 - e625?
-e5ed
In base 2, what is -1100100010 - -10101011100?
1000111010
In base 15, what is -1c9d4 - 4?
-1c9d8
In base 12, what is -1 - -7a05?
7a04
In base 4, what is -1122103310 + 10?
-1122103300
In base 3, what is -12210 + -2001022?
-2021002
In base 9, what is -2882 + -24?
-3016
In base 16, what is 10d971 - 5?
10d96c
In base 7, what is -4 + -102060?
-102064
In base 3, what is -10111200 - -1012201?
-2021222
In base 6, what is -22 - 124331?
-124353
In base 14, what is -3bb + 50?
-36b
In base 4, what is -21310 + -202?
-22112
In base 13, what is -27a2 + -3?
-27a5
In base 5, what is 0 + 1024400?
1024400
In base 7, what is 1251 - 321?
630
In base 12, what is 13587 - 4?
13583
In base 2, what is 1000010000 - 10100011101?
-1100001101
In base 15, what is 56 + -1bc3?
-1b6c
In base 7, what is 4 - 44155?
-44151
In base 2, what is -10001011 - 111111000110011?
-111111010111110
In base 6, what is 12 + -111022?
-111010
In base 2, what is -10011100011100010 - -100?
-10011100011011110
In base 11, what is 395 + -34?
361
In base 5, what is 40 + 1022?
1112
In base 14, what is 798 - 181?
617
In base 3, what is 11 + 21100212?
21101000
In base 10, what is 0 + 37097?
37097
In base 2, what is -101 + 11001101110000000?
11001101101111011
In base 2, what is -10011001111 + -1100?
-10011011011
In base 2, what is 1010101 + 101?
1011010
In base 6, what is 53355 + -12?
53343
In base 11, what is -26101 + 1?
-26100
In base 13, what is -977 + -6?
-980
In base 11, what is 9 - -30?
39
In base 16, what is -1d - 1dda7?
-1ddc4
In base 13, what is 4 + -6610?
-6609
In base 10, what is -492716 + 8?
-492708
In base 3, what is 120 - -200022?
200212
In base 6, what is -1423430 + 1?
-1423425
In base 5, what is 1331211221 + -3?
1331211213
In base 6, what is 12145405 + 2?
12145411
In base 10, what is -1 - 100538?
-100539
In base 7, what is 44623 + -1?
44622
In base 13, what is 5 + -b1b28?
-b1b23
In base 5, what is 103430 - 211?
103214
In base 16, what is -3 - -45d1?
45ce
In base 16, what is 17c1c - 3?
17c19
In base 12, what is 9654 - 9?
9647
In base 9, what is -4168 - -61?
-4107
In base 14, what is -1 + a1c0?
a1bd
In base 5, what is -112203143 - 0?
-112203143
In base 11, what is -31a62 + -70?
-32022
In base 3, what is -221 - -2102002110?
2102001112
In base 11, what is 6 - -26685?
26690
In base 16, what is 7 - 5c25?
-5c1e
In base 9, what is 11 + 16724?
16735
In base 13, what is 7 + -18551?
-18547
In base 13, what is -5 + -a4b2?
-a4b7
In base 11, what is 55a - 376a?
-3210
In base 8, what is -343640 - -3?
-343635
In base 11, what is 42 + -69332?
-692a0
In base 9, what is 318065 + -45?
318020
In base 15, what is 11 + 606?
617
In base 4, what is 1003222 - -102?
1003330
In base 12, what is 1264 - -3a?
12a2
In base 3, what is 1210 - 220200?
-211220
In base 12, what is -19b20 - 0?
-19b20
In base 6, what is -1111 + -1412?
-2523
In base 14, what is -1 - -199d03?
199d02
In base 4, what is 11 + 2330103?
2330120
In base 8, what is 4 - 432756?
-432752
In base 7, what is -4 + 131451?
131444
In base 12, what is -738 - -12?
-726
In base 12, what is -401 + 6b4?
2b3
In base 3, what is -10010101 + 1221?
-10001110
In base 2, what is -10 + 1001101010110000111?
1001101010110000101
In base 4, what is -3 + -1210320?
-1210323
In base 12, what is -11746 + -14?
-1175a
In base 16, what is -32118e + -2?
-321190
In base 12, what is -3b10 - 7?
-3b17
In base 10, what is 5 + -4320?
-4315
In base 2, what is -1101 - 11010110?
-11100011
In base 16, what is -113b - -3?
-1138
In base 16, what is -2f0f - 16e?
-307d
In base 9, what is -17275 - 107?
-17383
In base 12, what is -b + 410?
401
In base 13, what is -247 + -41?
-288
In base 5, what is -221 + -20123?
-20344
In base 5, what is -204 + 120?
-34
In base 15, what is -a4 + 12d?
79
In base 3, what is -10102220 - 22212?
-10202202
In base 10, what is 1264 + 8?
1272
In base 13, what is -191c9 + 3?
-191c6
In base 3, what is 211 - -10222100021?
10222101002
In base 12, what is 92262 - -4?
92266
In base 12, what is -12 + 7?
-7
In base 4, what is 121210200 + -10?
121210130
In base 4, what is 10 + -20301013?
-20301003
In base 12, what is -8 + 95b?
953
In base 14, what is a - -1550?
155a
In base 14, what is 5b + -5cca?
-5c6d
In base 14, what is 5 - -21446?
2144b
In base 9, what is 227 - -284?
522
In base 15, what is 2 - -3827b?
3827d
In base 8, what is -26277 - 260?
-26557
In base 6, what is 15324233 + -2?
15324231
In base 5, what is 113033 - 312?
112221
In base 11, what is 81555 - 0?
81555
In base 6, what is 0 + -2014025?
-2014025
In base 8, what is 153203 - 25?
153156
In base 8, what is -1057 - -1665?
606
In base 14, what is -48 + 57c?
534
In base 10, what is -15936 - -12?
-15924
In base 14, what is -9049 + -33?
-907c
In base 6, what is 51 + -3504?
-3413
In base 10, what is 1172 + 1394?
2566
In base 16, what is -1353 + 560?
-df3
In base 16, what is 8 + -668f?
-6687
In base 5, what is 330 + 23023?
23403
In base 12, what is 295 - -372?
647
In base 13, what is -99 + 11c8?
112c
In base 3, what is -120012 - 12?
-120101
In base 4, what is 123203202 + 201?
123210003
In base 7, what is -11 + -3601344?
-3601355
In base 15, what is 1a62 - -3?
1a65
In base 3, what is 12 + -2221012021?
-2221012002
In base 8, what is 4567 + -204?
4363
In base 4, what is -111 - -131323?
131212
In base 3, what is -2202202100201 + 2?
-2202202100122
In base 4, what 